base 5.
0
1 (base 3) to base 13
1
2 (base 11) to base 13
2
Convert 460 (base 7) to base 13.
154
Convert 12 (base 6) to base 8.
10
What is -100 (base 3) in base 2?
-1001
Convert -3d (base 14) to base 4.
-313
Convert 56 (base 9) to base 16.
33
9 (base 11) to base 10
9
2 (base 14) to base 8
2
Convert -47 (base 10) to base 16.
-2f
232 (base 4) to base 10
46
Convert -40 (base 6) to base 15.
-19
Convert 101 (base 7) to base 14.
38
Convert -22 (base 4) to base 14.
-a
What is -11 (base 4) in base 12?
-5
Convert 2132 (base 5) to base 9.
354
-1 (base 4) to base 9
-1
Convert 33 (base 13) to base 14.
30
4 (base 8) to base 13
4
10 (base 9) to base 6
13
What is -15 (base 9) in base 2?
-1110
What is 33 (base 4) in base 3?
120
What is 4 (base 7) in base 5?
4
-22 (base 11) to base 12
-20
What is -119 (base 11) in base 9?
-166
-9 (base 16) to base 3
-100
What is 2 (base 9) in base 5?
2
What is 11 (base 6) in base 7?
10
-5 (base 15) to base 12
-5
What is 16 (base 14) in base 12?
18
Convert -44 (base 13) to base 11.
-51
Convert 0 (base 14) to base 2.
0
-12 (base 10) to base 12
-10
Convert 58 (base 11) to base 5.
223
What is -1 (base 10) in base 5?
-1
Convert 84 (base 10) to base 7.
150
Convert -30 (base 13) to base 2.
-100111
What is 1 (base 16) in base 13?
1
Convert -5 (base 8) to base 16.
-5
0 (base 9) to base 3
0
22 (base 12) to base 11
24
Convert 0 (base 7) to base 9.
0
-11 (base 6) to base 8
-7
-6 (base 16) to base 7
-6
-66 (base 13) to base 7
-150
What is -111 (base 5) in base 8?
-37
Convert -7 (base 16) to base 7.
-10
What is -4 (base 8) in base 15?
-4
Convert -8 (base 14) to base 9.
-8
What is -331 (base 5) in base 4?
-1123
Convert 143 (base 5) to base 16.
30
Convert -1 (base 2) to base 6.
-1
Convert -22120 (base 3) to base 2.
-11100111
Convert -13 (base 5) to base 16.
-8
What is -1 (base 4) in base 13?
-1
Convert 16 (base 9) to base 11.
14
What is -22101 (base 3) in base 12?
-16a
What is 1 (base 9) in base 4?
1
-20 (base 16) to base 10
-32
Convert -2 (base 10) to base 15.
-2
What is -113 (base 14) in base 11?
-184
97 (base 11) to base 16
6a
What is 101 (base 4) in base 8?
21
-4 (base 9) to base 5
-4
Convert -5 (base 12) to base 9.
-5
15 (base 7) to base 10
12
What is -22 (base 16) in base 14?
-26
What is 402 (base 8) in base 13?
16b
Convert -44 (base 5) to base 13.
-1b
Convert -4 (base 9) to base 8.
-4
What is 2 (base 15) in base 5?
2
Convert 1 (base 15) to base 8.
1
Convert 5 (base 15) to base 9.
5
Convert 22 (base 9) to base 12.
18
What is -12 (base 3) in base 10?
-5
-21 (base 5) to base 15
-b
What is 12 (base 11) in base 5?
23
2 (base 14) to base 9
2
What is -141 (base 10) in base 5?
-1031
Convert -94 (base 11) to base 7.
-205
3 (base 11) to base 16
3
Convert 20 (base 3) to base 14.
6
-8 (base 15) to base 3
-22
115 (base 6) to base 8
57
0 (base 8) to base 7
0
-1111 (base 2) to base 12
-13
Convert -10 (base 2) to base 15.
-2
What is -5 (base 13) in base 3?
-12
21 (base 5) to base 16
b
Convert 453 (base 6) to base 12.
129
-3010 (base 4) to base 2
-11000100
Convert -10 (base 6) to base 4.
-12
What is -11 (base 3) in base 16?
-4
15 (base 11) to base 7
22
-5 (base 11) to base 13
-5
0 (base 12) to base 4
0
0 (base 12) to base 4
0
-6d (base 14) to base 13
-76
What is 10 (base 9) in base 7?
12
Convert -54 (base 12) to base 6.
-144
-125 (base 11) to base 9
-174
284 (base 10) to base 15
13e
What is -1 (base 3) in base 16?
-1
2 (base 9) to base 12
2
2 (base 10) to base 14
2
-18 (base 10) to base 14
-14
Convert 4 (base 15) to base 6.
4
336 (base 7) to base 15
b9
33 (base 9) to base 4
132
3b (base 12) to base 16
2f
Convert 2 (base 9) to base 4.
2
0 (base 13) to base 15
0
Convert 90 (base 14) to base 10.
126
Convert -29 (base 12) to base 5.
-113
What is -10010 (base 2) in base 11?
-17
-9 (base 13) to base 8
-11
Convert 10 (base 6) to base 11.
6
-1 (base 13) to base 6
-1
Convert 0 (base 8) to base 6.
0
Convert -10 (base 2) to base 8.
-2
What is -5 (base 8) in base 16?
-5
-3 (base 11) to base 15
-3
2 (base 14) to base 10
2
-221 (base 3) to base 7
-34
Convert 0 (base 12) to base 7.
0
Convert -3 (base 13) to base 3.
-10
Convert 1 (base 5) to base 6.
1
-13 (base 13) to base 7
-22
1 (base 10) to base 5
1
c6 (base 13) to base 8
242
51 (base 9) to base 14
34
1221 (base 3) to base 16
34
-5 (base 8) to base 10
-5
-141 (base 6) to base 2
-111101
Convert -63 (base 15) to base 12.
-79
Convert -6 (base 16) to base 8.
-6
Convert -1 (base 9) to base 4.
-1
Convert -1220 (base 5) to base 11.
-159
What is -1 (base 5) in base 15?
-1
Convert -e (base 16) to base 12.
-12
Convert -301 (base 5) to base 2.
-1001100
-1 (base 13) to base 7
-1
What is 12a (base 12) in base 9?
217
What is 67 (base 13) in base 10?
85
Convert -43 (base 9) to base 12.
-33
Convert 0 (base 14) to base 9.
0
Convert 23 (base 9) to base 12.
19
What is -1 (base 16) in base 15?
-1
Convert 5 (base 15) to base 8.
5
Convert -23 (base 4) to base 11.
-10
Convert 3 (base 4) to base 9.
3
5 (base 10) to base 6
5
2 (base 6) to base 12
2
5 (base 6) to base 10
5
0 (base 4) to base 6
0
1 (base 4) to base 9
1
What is 19 (base 10) in base 4?
103
7 (base 16) to base 6
11
Convert -165 (base 13) to base 8.
-374
Convert 124 (base 5) to base 10.
39
Convert 72 (base 15) to base 8.
153
What is -7 (base 12) in base 5?
-12
What is 36 (base 14) in base 10?
48
78 (base 14) to base 11
97
Convert 4 (base 8) to base 2.
100
Convert -3 (base 13) to base 6.
-3
Convert 10110 (base 4) to base 12.
1b0
What is 3c (base 13) in base 10?
51
-1c (base 13) to base 12
-21
-3 (base 11) to base 7
-3
-5 (base 14) to base 4
-11
Convert -1 (base 15) to base 13.
-1
What is 56 (base 13) in base 15?
4b
-2 (base 11) to base 6
-2
1200 (base 5) to base 12
127
Convert 1010 (base 2) to base 16.
a
Convert -10 (base 2) to base 14.
-2
6 (base 10) to base 3
20
Convert 3 (base 5) to base 13.
3
-2 (base 3) to base 15
-2
10031 (base 4) to base 5
2034
What is -1101 (base 5) in base 10?
-151
What is 94 (base 12) in base 3?
11011
-10 (base 2) to base 16
-2
Convert -441 (base 5) to base 12.
-a1
What is 1320 (base 6) in base 2?
101010000
-2001 (base 3) to base 13
-43
Convert -11112 (base 3) to base 12.
-a2
What is -6 (base 11) in base 9?
-6
Convert -10010 (base 2) to base 7.
-24
-2 (base 13) to base 12
-2
-2 (base 9) to base 6
-2
16 (base 11) to base 13
14
What is 110000011 (base 2) in base 5?
3022
Convert -13 (base 11) to base 16.
-e
Convert -9 (base 16) to base 13.
-9
30 (base 8) to base 7
33
What is 10 (base 5) in base 9?
5
What is -76 (base 12) in base 6?
-230
Convert 23 (base 12) to base 11.
25
What is -12 (base 5) in base 11?
-7
What is 145 (base 11) in base 3?
20022
What is 57 (base 8) in base 12?
3b
Convert 2 (base 5) to base 15.
2
What is -5 (base 13) in base 10?
-5
Convert -1053 (base 7) to base 2.
-101111101
20 (base 4) to base 14
8
-b1 (base 12) to base 5
-1013
What is -c (base 13) in base 15?
-c
Convert 111 (base 5) to base 12.
27
33 (base 16) to base 12
43
Convert 130 (base 4) to base 6.
44
-4d (base 16) to base 15
-52
Convert -3 (base 9) to base 2.
-11
Convert -544 (base 6) to base 16.
-d0
What is 0 (base 8) in base 11?
0
What is 69 (base 14) in base 11?
85
Convert -2 (base 9) to base 11.
-2
1 (base 11) to base 16
1
What is -25 (base 12) in base 7?
-41
3 (base 7) to base 16
3
Convert -4 (base 5) to base 14.
-4
320 (base 5) to base 3
10011
What is -3 (base 12) in base 6?
-3
What is 2 (base 3) in base 11?
2
a9 (base 11) to base 14
87
22c (base 13) to base 12
274
Convert -1 (base 7) to base 14.
-1
Convert -121 (base 3) to base 15.
-11
-9 (base 13) to base 8
-11
What is 11301 (base 4) in base 12?
269
52 (base 8) to base 14
30
-10 (base 13) to base 10
-13
What is -1d (base 14) in base 16?
-1b
-231 (base 5) to base 7
-123
Convert -11 (base 3) to base 8.
-4
0 (base 3) to base 6
0
Convert -9 (base 14) to base 12.
-9
5 (base 12) to base 5
10
1dc (base 14) to base 6
1450
29 (base 11) to base 6
51
Convert 101121 (base 3) to base 16.
11e
What is 167 (base 11) in base 6?
522
Convert 20111 (base 3) to base 7.
340
What is 23 (base 12) in base 11?
25
-20 (base 9) to base 2
-10010
Convert -10 (base 3) to base 15.
-3
-5 (base 14) to base 8
-5
What is 4 (base 8) in base 2?
100
-110001 (base 2) to base 9
-54
-111 (base 13) to base 16
-b7
-310 (base 4) to base 14
-3a
What is 3 (base 8)